 Calculate t(6).
8
Let s(o) = -o**3 - 8*o**2 + 19*o - 22. What is s(-10)?
-12
Let g(l) = -l**3 + 11*l**2 + 10*l. What is g(12)?
-24
Let c(u) = 3*u + 47. Determine c(-10).
17
Let i(j) = -14*j - 83. Calculate i(-8).
29
Let v(w) = -w**2 - 12*w + 45. Calculate v(-15).
0
Let l(w) = -3*w**2 - 5*w + 47. Determine l(-5).
-3
Let c(a) = -a**2 + 21*a + 80. Determine c(24).
8
Let h(x) = x**2 + 30*x + 212. Determine h(-19).
3
Let n(m) = -m**2 - 9*m + 2. What is n(-6)?
20
Let m(y) = -y**2 + 116. What is m(-11)?
-5
Let j(m) = -m**3 + 12*m**2 - 2*m + 28. Give j(12).
4
Let j(s) = -6*s**3 + s**2 + 59*s + 57. Give j(-1).
5
Let m(x) = 28*x - 86. Calculate m(3).
-2
Let o(i) = 12*i**2 - i - 9. Calculate o(3).
96
Let a(d) = -d**3 - 43*d**2 - 6. Give a(-43).
-6
Let t(h) = -16*h + 1. What is t(3)?
-47
Let l(q) = q**3 + 10*q**2 + 8*q - 5. What is l(-9)?
4
Let v(o) = -o**3 - 4*o**2 + 2. Give v(-3).
-7
Let h(x) = -15*x + 10. Give h(1).
-5
Let f(x) = 2*x**3 + 26*x**2 + 25*x. Calculate f(-12).
-12
Let c(w) = w**3 + 26*w**2 - 26*w + 38. Calculate c(-27).
11
Let u(c) = -c**3 - 9*c**2 - 9*c - 8. Determine u(-8).
0
Let p(l) = l + 9. Give p(-10).
-1
Let j(q) = -2*q**2 - 11*q - 21. Determine j(-6).
-27
Let r(p) = 17*p - 143. Calculate r(8).
-7
Let d(w) = 5*w - 1. Calculate d(1).
4
Let s(l) = -2*l + 13. Calculate s(6).
1
Let x(k) = 2*k + 21. Determine x(-5).
11
Let b(r) = r**2 + 7*r. Give b(-4).
-12
Let u(k) = -6*k**2 - 151*k - 29. Give u(-25).
-4
Let i(m) = m**2 - 6*m + 7. Determine i(5).
2
Let p(q) = -8*q + 28. Give p(-5).
68
Let f(d) = 2*d**3 + 10*d**2 - 4*d + 1. What is f(-6)?
-47
Let y(l) = 3*l + 15. Determine y(-7).
-6
Let d(p) = -p**3 - 6*p**2 + 6*p - 16. Calculate d(-7).
-9
Let b(h) = 6*h - 15. What is b(4)?
9
Let x(d) = 2*d**3 + 16*d**2 - 20*d - 18. Give x(-9).
0
Let f(t) = 2*t + 31. Determine f(-13).
5
Let d(x) = -x**3 - 12*x**2 - 3*x - 29. Give d(-12).
7
Let c(x) = x**3 + 5*x**2 + 6*x. Give c(-4).
-8
Let o(p) = 4*p + 94. Give o(-20).
14
Let r(t) = -2*t + 33. Calculate r(9).
15
Let t(y) = -4*y - 7. What is t(-6)?
17
Let n(a) = -a - 37. Give n(-27).
-10
Let l(g) = g**3 + 9*g**2 + g + 10. What is l(-9)?
1
Let i(w) = 9*w**2 - 2*w - 1. Determine i(-1).
10
Let s(d) = d**2 - d + 8. Give s(0).
8
Let l(h) = -2*h + 41. Determine l(18).
5
Let s(i) = -41*i + 70. What is s(2)?
-12
Let c(p) = p - 4. Calculate c(9).
5
Let k(a) = 3*a - 58. Give k(18).
-4
Let m(c) = c**2 - 9*c + 11. Calculate m(8).
3
Let k(w) = 3*w**3 - w**2 + 15*w - 31. What is k(2)?
19
Let o(z) = -5*z + 14. Determine o(5).
-11
Let n(k) = 2*k - 22. Give n(-14).
-50
Let d(i) = -i**2 - 14*i + 7. Determine d(-14).
7
Let d(t) = -t**2 + t + 14. Give d(7).
-28
Let k(r) = -r**3 - 6*r**2 - r + 1. What is k(-6)?
7
Let t(f) = f**3 + 3*f**2 + 4*f + 2. Calculate t(-2).
-2
Let q(r) = 3*r**3 + 2*r**2 + 4*r + 3. What is q(-1)?
-2
Let r(l) = l**3 - 5*l - 9. Give r(4).
35
Let r(u) = -77*u + 160. Calculate r(2).
6
Let j(o) = -7*o + 25. Give j(12).
-59
Let o(u) = -109*u + 5. What is o(1)?
-104
Let z(o) = -3*o - 39. What is z(-19)?
18
Let z(p) = p**2 + 10*p - 2. Determine z(-9).
-11
Let x(w) = -52*w - 57. Calculate x(-1).
-5
Let j(z) = z**3 - 5*z**2 - 5*z + 8. What is j(3)?
-25
Let o(y) = -9*y - 32. Determine o(-8).
40
Let g(v) = 6*v - 31. Determine g(8).
17
Let n(t) = t**2 - 25*t - 53. Determine n(27).
1
Let n(x) = -x - 7. Give n(-6).
-1
Let c(g) = 26*g - 2. Calculate c(2).
50
Let t(s) = -7*s + 261. Calculate t(36).
9
Let p(f) = -2*f**2 - 51*f - 213. Calculate p(-5).
-8
Let t(l) = -l**3 + 19*l**2 + 18*l + 2. Determine t(20).
-38
Let i(g) = -2*g + 8. What is i(6)?
-4
Let k(z) = -z**3 - 20*z**2 - 66*z - 53. Determine k(-16).
-21
Let q(w) = -w**3 - 10*w**2 + 3*w + 3. What is q(-10)?
-27
Let w(r) = r**2 + 7*r - 10. Give w(-10).
20
Let m(f) = 10*f + 37. What is m(-4)?
-3
Let b(r) = -7*r + 16. Give b(6).
-26
Let y(d) = d**2 - 12*d - 1. What is y(6)?
-37
Let w(u) = -u**3 + 17*u**2 + 19*u - 11. What is w(18)?
7
Let c(z) = -3*z**2 + 6. What is c(-2)?
-6
Let m(q) = -q**2 + 17*q - 7. Calculate m(17).
-7
Let l(h) = 2*h**2 + h - 25. What is l(0)?
-25
Let t(w) = 2*w**3 - 4*w**2 - 11*w + 11. Determine t(3).
-4
Let g(p) = -2*p**2 - 4*p - 5. Calculate g(-2).
-5
Let n(j) = 10*j - 44. What is n(6)?
16
Let y(d) = d**2 - 11*d - 62. Determine y(-4).
-2
Let y(l) = l**2 + 3*l + 4. Give y(-3).
4
Let m(g) = g**2 + 3*g - 6. Determine m(-2).
-8
Let y(z) = -2*z**3 - z**2 + 13*z - 4. Determine y(2).
2
Let d(r) = 12*r + 32. What is d(-3)?
-4
Let a(c) = -17*c - 9. What is a(2)?
-43
Let w(c) = c**3 + 9*c**2 - 24*c - 18. Calculate w(-11).
4
Let o(i) = -i**2 + 7*i + 14. Calculate o(8).
6
Let o(g) = -g**3 - 16*g**2 - 15*g - 52. Calculate o(-15).
-52
Let o(p) = 2*p**2 + 29*p - 192. Determine o(-19).
-21
Let s(m) = -m**3 + 8*m**2 - 9*m - 1. What is s(5)?
29
Let y(m) = 8*m + 49. Determine y(-5).
9
Let v(r) = -2*r**2 + 49*r - 221. Calculate v(18).
13
Let v(y) = y**3 - 43*y**2 + 4*y - 172. What is v(43)?
0
Let w(f) = -f**3 - 15*f**2 - 13*f + 6. What is w(-14)?
-8
Let p(f) = 9*f. Calculate p(3).
27
Let j(i) = -6*i - 30. What is j(-9)?
24
Let n(c) = 8*c**3 + c**2 - c + 1. Give n(1).
9
Let v(z) = -5*z**2 - 2*z + 6. Give v(4).
-82
Let t(g) = g**3 - 9*g**2 + 5*g - 9. Give t(6).
-87
Let j(z) = 50*z + 7. Give j(-1).
-43
Let p(k) = k**3 - 14*k**2 - 5*k + 57. Determine p(14).
-13
Let t(b) = 7*b + 66. Determine t(-8).
10
Let z(s) = s**2 + 11*s + 3. Determine z(-9).
-15
Let u(w) = w**3 + 6*w**2 - 17*w. What is u(-8)?
8
Let m(w) = w**2 - 9*w - 12. Give m(9).
-12
Let a(m) = -10*m + 3. What is a(-1)?
13
Let l(w) = -3*w**2 - 5*w. Give l(-2).
-2
Let o(t) = -t**3 - 36*t**2 + 38*t + 19. Give o(-37).
-18
Let q(y) = 3*y**2 - 5*y + 3. Give q(2).
5
Let h(f) = -f**3 + 4*f**2 + 5*f + 2. Give h(5).
2
Let y(m) = 2*m**2 + 6*m + 1. Give y(-2).
-3
Let s(i) = 5*i**2 + 2. Calculate s(-3).
47
Let i(n) = -4*n - 7. What is i(6)?
-31
Let f(c) = 13*c + 8. Determine f(-3).
-31
Let u(w) = w**2 - 13*w - 9. Give u(6).
-51
Let h(s) = -s**3 - 9*s**2 - 6*s + 12. Determine h(-8).
-4
Let l(a) = -18*a + 2. Calculate l(0).
2
Let r(u) = -12*u**2 - 3*u. Determine r(-2).
-42
Let q(u) = 3*u**2 - 12*u + 3. Calculate q(3).
-6
Let q(t) = -t**2 + 8*t + 14. Determine q(10).
-6
Let q(x) = x**2 - 49*x + 43. Determine q(48).
-5
Let v(z) = 3*z**2 + 57*z - 47. Determine v(-20).
13
Let x(y) = y**3 - 10*y**2 - 11*y + 17. Give x(11).
17
Let q(d) = -d**3 + 8*d**2 - 2*d + 15. Determine q(8).
-1
Let d(h) = h**3 - h**2 - h - 14. Calculate d(6).
160
Let s(g) = -7*g**3 + 2*g + 1. Determine s(-1).
6
Let a(w) = 4*w**2 - 54*w - 17. Calculate a(13).
-43
Let f(k) = -2*k**2 + 30*k + 26. Determine f(16).
-6
Let k(j) = j**2 - 230*j - 1413. Give k(-6).
3
Let h(y) = 3*y + 25. What is h(-10)?
-5
Let m(g) = 2*g**2 - 8*g + 4. What is m(5)?
14
Let r(x) = -2*x**2 - 54*x + 54. What is r(-28)?
-2
Let u(v) = v**2 + 3*v - 5. Determine u(1).
-1
Let t(l) = -l**2 - l + 4. Calculate t(-6).
-26
Let w(z) = 12*z + 47. What is w(-5)?
-13
Let i(d) = 36*d + 6. Give i(-2).
-66
Let r(i) = i**3 - 7*i**2 - i + 14. Determine r(7).
7
Let v(y) = -y**3 + y**2 - 2*y - 24. Determine v(0).
-24
Let x(b) = 2*b**3 - 8*b**2 + 5*b - 1. Determine x(3).
-4
Let m(o) = -17*o + 35. Determine m(-7).
154
Let m(p) = -p**3 - 2*p**2 + 3*p + 10. What is m(0)?
10
Let q(h) = 3*h + 15. Give q(-16).
-33
Let v(g) = -16*g + 39. Calculate v(6).
-57
Let n(r) = r**3 - 3*r**2 - 4*r + 1. Determine n(4).
1
Let b(x) = -x - 8. Give b(8).
-16
Let w(o) = o**3 + 4*o**2 - 5*o - 13. What is w(-5)?
-13
Let p(h) = -14*h + 16. Give p(6).
-68
Let f(n) = -n**2 - 20*n - 93. Determine f(-7).
-2
Let o(d) = 13*d - 22. Give o(2).
4
Let k(n) = -16*n - 55. Give k(-4).
9
Let z(v) = -24*v**3 + 2*v - 1. Calculate z(1).
-23
Let q(w) = -w**3 + 8*w**2 + 21*w + 3. Give q(10).
13
Let s(w) = -w**3 - 17*w**2 - 13*w + 33. Calculate s(-16).
-15
Let o(u) = -2*u**3 - u - 1. Determine o(-1).
2
Let l(x) = x**3 - 9*x**2 - 9*x - 3. Calculate l(10).
7
Let g(n) = 4*n + 136. What is g(-37)?
-12
Let g(m) = 5*m**2 - m - 1. Calculate g(-1).
5
Let a(d) = 7*d - 42. Calculate a(7).
7
Let n(r) = -11*r + 43. Give n(5).
-12
Let l(w) = 3*w + 24. Determine l(-10).
-6
Let o(y) = -y**3 + 6*y**2 + 3*y. Determine o(5).
40
Let k(z) = z**2 + 17*z + 73. Calculate k(-7).
3
Let j(b) = -3*b**2 - 10*b + 11. Give j(-5).
-14
Let s(r) = -r**2 - 67*r - 362. Calculate s(-6